{"id":231,"date":"2022-05-18T16:02:51","date_gmt":"2022-05-18T14:02:51","guid":{"rendered":"http:\/\/fabat.fr\/?page_id=231"},"modified":"2026-03-18T23:08:47","modified_gmt":"2026-03-18T22:08:47","slug":"fablab","status":"publish","type":"page","link":"https:\/\/fabrico.fr\/index.php\/fablab\/","title":{"rendered":"Fablab"},"content":{"rendered":"\n<p>Le <strong>Fablab<\/strong> de <strong>Fabrico<\/strong> est un lieu de cr\u00e9ation, de partage, d&rsquo;apprentissage, de d\u00e9couverte avec l&rsquo;impression 3D, la d\u00e9coupe laser, l\u2019\u00e9lectronique, d\u00e9velopper des projets en prototypant&#8230; Des ateliers \u00ab\u00a0<em>R\u00e9pare ton truc !\u00a0\u00bb<\/em> existent aussi pour r\u00e9parer les objets de la vie courante et lutter contre la surconsommation <\/p>\n\n\n\n<p>Les personnes apprendront \u00e0 faire eux-m\u00eame plut\u00f4t que de faire faire. Le lieu est anim\u00e9 par des b\u00e9n\u00e9voles aux comp\u00e9tences vari\u00e9es.<\/p>\n\n\n\n<p>Pour des questions concernant le Fablab : <strong>fablab@fabrico.fr<\/strong> ou par t\u00e9l\u00e9phone au 09 73 88 49 59 ou 07 49 93 81 12<\/p>\n\n\n\n<figure class=\"wp-block-image size-large\"><img loading=\"lazy\" decoding=\"async\" width=\"1024\" height=\"368\" src=\"http:\/\/fabrico.fr\/wp-content\/uploads\/2023\/10\/IMG_9190-1024x368.jpg\" alt=\"\" class=\"wp-image-647\" srcset=\"https:\/\/fabrico.fr\/wp-content\/uploads\/2023\/10\/IMG_9190-1024x368.jpg 1024w, https:\/\/fabrico.fr\/wp-content\/uploads\/2023\/10\/IMG_9190-300x108.jpg 300w, https:\/\/fabrico.fr\/wp-content\/uploads\/2023\/10\/IMG_9190-768x276.jpg 768w, https:\/\/fabrico.fr\/wp-content\/uploads\/2023\/10\/IMG_9190-1536x552.jpg 1536w, https:\/\/fabrico.fr\/wp-content\/uploads\/2023\/10\/IMG_9190-2048x736.jpg 2048w\" sizes=\"auto, (max-width: 767px) 89vw, (max-width: 1000px) 54vw, (max-width: 1071px) 543px, 580px\" \/><\/figure>\n\n\n\n<h2 class=\"wp-block-heading\"><strong>Moments cl\u00e9s<\/strong><\/h2>\n\n\n\n<ul class=\"wp-block-list\">\n<li><strong><em>R\u00e9pare ton truc ! <\/em><\/strong>\n<ul class=\"wp-block-list\">\n<li>le <strong>mardi<\/strong> soir de 18h \u00e0 20h<\/li>\n\n\n\n<li>le <strong>premier<\/strong> samedi de chaque mois de 9h30 \u00e0 12h.<\/li>\n<\/ul>\n<\/li>\n<\/ul>\n\n\n\n<ul class=\"wp-block-list\">\n<li><strong><em>Formation Adultes au FabLab:<\/em>  <\/strong>sur RDV<\/li>\n<\/ul>\n\n\n\n<hr class=\"wp-block-separator has-alpha-channel-opacity\"\/>\n\n\n\n<h2 class=\"wp-block-heading\"><strong>Pour aller plus loin&#8230;<\/strong><\/h2>\n\n\n<div class=\"lightweight-accordion\"><details><summary class=\"lightweight-accordion-title\"><span>R\u00e9pare ton truc<\/span><\/summary><div class=\"lightweight-accordion-body\">\n\n<figure class=\"wp-block-image size-full\"><img loading=\"lazy\" decoding=\"async\" width=\"768\" height=\"700\" src=\"https:\/\/fabrico.fr\/wp-content\/uploads\/2026\/03\/image-2-768x700-2.png\" alt=\"\" class=\"wp-image-955\" srcset=\"https:\/\/fabrico.fr\/wp-content\/uploads\/2026\/03\/image-2-768x700-2.png 768w, https:\/\/fabrico.fr\/wp-content\/uploads\/2026\/03\/image-2-768x700-2-300x273.png 300w\" sizes=\"auto, (max-width: 767px) 89vw, (max-width: 1000px) 54vw, (max-width: 1071px) 543px, 580px\" \/><\/figure>\n\n<\/div><\/details><\/div>\n\n<div class=\"lightweight-accordion\"><details><summary class=\"lightweight-accordion-title\"><span>Qu&rsquo;est-ce qu&rsquo;un Fablab?<\/span><\/summary><div class=\"lightweight-accordion-body\">\n\n<figure class=\"wp-block-image size-full\"><img loading=\"lazy\" decoding=\"async\" width=\"940\" height=\"788\" src=\"http:\/\/fabat.fr\/wp-content\/uploads\/2022\/05\/4-Facebook-Fablab.png\" alt=\"\" class=\"wp-image-238\" srcset=\"https:\/\/fabrico.fr\/wp-content\/uploads\/2022\/05\/4-Facebook-Fablab.png 940w, https:\/\/fabrico.fr\/wp-content\/uploads\/2022\/05\/4-Facebook-Fablab-300x251.png 300w, https:\/\/fabrico.fr\/wp-content\/uploads\/2022\/05\/4-Facebook-Fablab-768x644.png 768w\" sizes=\"auto, (max-width: 767px) 89vw, (max-width: 1000px) 54vw, (max-width: 1071px) 543px, 580px\" \/><\/figure>\n\n<\/div><\/details><\/div>\n\n<div class=\"lightweight-accordion\"><details><summary class=\"lightweight-accordion-title\"><span>Tarifs<\/span><\/summary><div class=\"lightweight-accordion-body\">\n\n<figure class=\"wp-block-image size-full\"><img loading=\"lazy\" decoding=\"async\" width=\"1024\" height=\"768\" src=\"http:\/\/fabrico.fr\/wp-content\/uploads\/2025\/10\/image.png\" alt=\"\" class=\"wp-image-864\" srcset=\"https:\/\/fabrico.fr\/wp-content\/uploads\/2025\/10\/image.png 1024w, https:\/\/fabrico.fr\/wp-content\/uploads\/2025\/10\/image-300x225.png 300w, https:\/\/fabrico.fr\/wp-content\/uploads\/2025\/10\/image-768x576.png 768w\" sizes=\"auto, (max-width: 767px) 89vw, (max-width: 1000px) 54vw, (max-width: 1071px) 543px, 580px\" \/><\/figure>\n\n<\/div><\/details><\/div>\n\n<div class=\"lightweight-accordion\"><details><summary class=\"lightweight-accordion-title\"><span>Fonctionnement<\/span><\/summary><div class=\"lightweight-accordion-body\">\n\n<ul class=\"wp-block-list\">\n<li>Une fois le Passeport machine en poche, vous pouvez r\u00e9server une machine pour l&rsquo;utiliser.<\/li>\n\n\n\n<li>Les b\u00e9n\u00e9voles sont l\u00e0 pour vous apporter une aide technique sur l&rsquo;utilisation de la machine.<\/li>\n\n\n\n<li>L&rsquo;accompagnement par les b\u00e9n\u00e9voles ne concerne pas la reprise de vos fichiers.<\/li>\n\n\n\n<li>Si vos fichiers n\u00e9cessitent une reprise importante ou un accompagnement important, le temps de l&rsquo;animateur sera d\u00e9compt\u00e9 du temps machine.<\/li>\n<\/ul>\n\n<\/div><\/details><\/div>\n\n\n<div class=\"lightweight-accordion\"><details name=\"accordion-group-cbcqrt6ln\"><summary class=\"lightweight-accordion-title\"><span>Fait \u00e0 Fabrico!<\/span><\/summary><div class=\"lightweight-accordion-body\">\n\n<figure class=\"wp-block-image size-full\"><img loading=\"lazy\" decoding=\"async\" width=\"1024\" height=\"1024\" src=\"https:\/\/fabrico.fr\/wp-content\/uploads\/2026\/03\/preview.jpg\" alt=\"\" class=\"wp-image-953\" srcset=\"https:\/\/fabrico.fr\/wp-content\/uploads\/2026\/03\/preview.jpg 1024w, https:\/\/fabrico.fr\/wp-content\/uploads\/2026\/03\/preview-300x300.jpg 300w, https:\/\/fabrico.fr\/wp-content\/uploads\/2026\/03\/preview-150x150.jpg 150w, https:\/\/fabrico.fr\/wp-content\/uploads\/2026\/03\/preview-768x768.jpg 768w, https:\/\/fabrico.fr\/wp-content\/uploads\/2026\/03\/preview-100x100.jpg 100w\" sizes=\"auto, (max-width: 767px) 89vw, (max-width: 1000px) 54vw, (max-width: 1071px) 543px, 580px\" \/><\/figure>\n\n\n\n<figure class=\"wp-block-image\"><img loading=\"lazy\" decoding=\"async\" width=\"1024\" height=\"1024\" src=\"http:\/\/fabrico.fr\/wp-content\/uploads\/2024\/03\/20240304_153247-1024x1024.jpg\" alt=\"\" class=\"wp-image-679\" srcset=\"https:\/\/fabrico.fr\/wp-content\/uploads\/2024\/03\/20240304_153247-1024x1024.jpg 1024w, https:\/\/fabrico.fr\/wp-content\/uploads\/2024\/03\/20240304_153247-300x300.jpg 300w, https:\/\/fabrico.fr\/wp-content\/uploads\/2024\/03\/20240304_153247-150x150.jpg 150w, https:\/\/fabrico.fr\/wp-content\/uploads\/2024\/03\/20240304_153247-768x768.jpg 768w, https:\/\/fabrico.fr\/wp-content\/uploads\/2024\/03\/20240304_153247-1536x1536.jpg 1536w, https:\/\/fabrico.fr\/wp-content\/uploads\/2024\/03\/20240304_153247-2048x2048.jpg 2048w, https:\/\/fabrico.fr\/wp-content\/uploads\/2024\/03\/20240304_153247-100x100.jpg 100w\" sizes=\"auto, (max-width: 767px) 89vw, (max-width: 1000px) 54vw, (max-width: 1071px) 543px, 580px\" \/><\/figure>\n\n\n\n<figure class=\"wp-block-image size-large\"><img loading=\"lazy\" decoding=\"async\" width=\"1024\" height=\"768\" src=\"https:\/\/fabrico.fr\/wp-content\/uploads\/2026\/03\/IMG_20260318_182229-1024x768.jpg\" alt=\"\" class=\"wp-image-943\" srcset=\"https:\/\/fabrico.fr\/wp-content\/uploads\/2026\/03\/IMG_20260318_182229-1024x768.jpg 1024w, https:\/\/fabrico.fr\/wp-content\/uploads\/2026\/03\/IMG_20260318_182229-300x225.jpg 300w, https:\/\/fabrico.fr\/wp-content\/uploads\/2026\/03\/IMG_20260318_182229-768x576.jpg 768w, https:\/\/fabrico.fr\/wp-content\/uploads\/2026\/03\/IMG_20260318_182229-1536x1152.jpg 1536w, https:\/\/fabrico.fr\/wp-content\/uploads\/2026\/03\/IMG_20260318_182229-2048x1536.jpg 2048w\" sizes=\"auto, (max-width: 767px) 89vw, (max-width: 1000px) 54vw, (max-width: 1071px) 543px, 580px\" \/><\/figure>\n\n\n\n<figure class=\"wp-block-image size-large\"><img loading=\"lazy\" decoding=\"async\" width=\"768\" height=\"1024\" src=\"https:\/\/fabrico.fr\/wp-content\/uploads\/2026\/03\/IMG_20260318_183702-768x1024.jpg\" alt=\"\" class=\"wp-image-936\" srcset=\"https:\/\/fabrico.fr\/wp-content\/uploads\/2026\/03\/IMG_20260318_183702-768x1024.jpg 768w, https:\/\/fabrico.fr\/wp-content\/uploads\/2026\/03\/IMG_20260318_183702-225x300.jpg 225w, https:\/\/fabrico.fr\/wp-content\/uploads\/2026\/03\/IMG_20260318_183702-1152x1536.jpg 1152w, https:\/\/fabrico.fr\/wp-content\/uploads\/2026\/03\/IMG_20260318_183702-1536x2048.jpg 1536w, https:\/\/fabrico.fr\/wp-content\/uploads\/2026\/03\/IMG_20260318_183702-scaled.jpg 1920w\" sizes=\"auto, (max-width: 767px) 89vw, (max-width: 1000px) 54vw, (max-width: 1071px) 543px, 580px\" \/><\/figure>\n\n\n\n<figure class=\"wp-block-image size-large\"><img loading=\"lazy\" decoding=\"async\" width=\"768\" height=\"1024\" src=\"https:\/\/fabrico.fr\/wp-content\/uploads\/2026\/03\/IMG_20260318_183432-768x1024.jpg\" alt=\"\" class=\"wp-image-937\" srcset=\"https:\/\/fabrico.fr\/wp-content\/uploads\/2026\/03\/IMG_20260318_183432-768x1024.jpg 768w, https:\/\/fabrico.fr\/wp-content\/uploads\/2026\/03\/IMG_20260318_183432-225x300.jpg 225w, https:\/\/fabrico.fr\/wp-content\/uploads\/2026\/03\/IMG_20260318_183432-1152x1536.jpg 1152w, https:\/\/fabrico.fr\/wp-content\/uploads\/2026\/03\/IMG_20260318_183432-1536x2048.jpg 1536w, https:\/\/fabrico.fr\/wp-content\/uploads\/2026\/03\/IMG_20260318_183432-scaled.jpg 1920w\" sizes=\"auto, (max-width: 767px) 89vw, (max-width: 1000px) 54vw, (max-width: 1071px) 543px, 580px\" \/><\/figure>\n\n\n\n<figure class=\"wp-block-image size-large\"><img loading=\"lazy\" decoding=\"async\" width=\"1024\" height=\"768\" src=\"https:\/\/fabrico.fr\/wp-content\/uploads\/2026\/03\/IMG_20260318_183226-1024x768.jpg\" alt=\"\" class=\"wp-image-938\" srcset=\"https:\/\/fabrico.fr\/wp-content\/uploads\/2026\/03\/IMG_20260318_183226-1024x768.jpg 1024w, https:\/\/fabrico.fr\/wp-content\/uploads\/2026\/03\/IMG_20260318_183226-300x225.jpg 300w, https:\/\/fabrico.fr\/wp-content\/uploads\/2026\/03\/IMG_20260318_183226-768x576.jpg 768w, https:\/\/fabrico.fr\/wp-content\/uploads\/2026\/03\/IMG_20260318_183226-1536x1152.jpg 1536w, https:\/\/fabrico.fr\/wp-content\/uploads\/2026\/03\/IMG_20260318_183226-2048x1536.jpg 2048w\" sizes=\"auto, (max-width: 767px) 89vw, (max-width: 1000px) 54vw, (max-width: 1071px) 543px, 580px\" \/><\/figure>\n\n\n\n<figure class=\"wp-block-image size-large\"><img loading=\"lazy\" decoding=\"async\" width=\"768\" height=\"1024\" src=\"https:\/\/fabrico.fr\/wp-content\/uploads\/2026\/03\/IMG_20260318_182821-768x1024.jpg\" alt=\"\" class=\"wp-image-939\" srcset=\"https:\/\/fabrico.fr\/wp-content\/uploads\/2026\/03\/IMG_20260318_182821-768x1024.jpg 768w, https:\/\/fabrico.fr\/wp-content\/uploads\/2026\/03\/IMG_20260318_182821-225x300.jpg 225w, https:\/\/fabrico.fr\/wp-content\/uploads\/2026\/03\/IMG_20260318_182821-1152x1536.jpg 1152w, https:\/\/fabrico.fr\/wp-content\/uploads\/2026\/03\/IMG_20260318_182821-1536x2048.jpg 1536w, https:\/\/fabrico.fr\/wp-content\/uploads\/2026\/03\/IMG_20260318_182821-scaled.jpg 1920w\" sizes=\"auto, (max-width: 767px) 89vw, (max-width: 1000px) 54vw, (max-width: 1071px) 543px, 580px\" \/><\/figure>\n\n\n\n<figure class=\"wp-block-image size-large\"><img loading=\"lazy\" decoding=\"async\" width=\"768\" height=\"1024\" src=\"https:\/\/fabrico.fr\/wp-content\/uploads\/2026\/03\/IMG_20260318_182523-768x1024.jpg\" alt=\"\" class=\"wp-image-940\" srcset=\"https:\/\/fabrico.fr\/wp-content\/uploads\/2026\/03\/IMG_20260318_182523-768x1024.jpg 768w, https:\/\/fabrico.fr\/wp-content\/uploads\/2026\/03\/IMG_20260318_182523-225x300.jpg 225w, https:\/\/fabrico.fr\/wp-content\/uploads\/2026\/03\/IMG_20260318_182523-1152x1536.jpg 1152w, https:\/\/fabrico.fr\/wp-content\/uploads\/2026\/03\/IMG_20260318_182523-1536x2048.jpg 1536w, https:\/\/fabrico.fr\/wp-content\/uploads\/2026\/03\/IMG_20260318_182523-scaled.jpg 1920w\" sizes=\"auto, (max-width: 767px) 89vw, (max-width: 1000px) 54vw, (max-width: 1071px) 543px, 580px\" \/><\/figure>\n\n\n\n<figure class=\"wp-block-image size-large\"><img loading=\"lazy\" decoding=\"async\" width=\"1024\" height=\"768\" src=\"https:\/\/fabrico.fr\/wp-content\/uploads\/2026\/03\/IMG_20260318_181839-1024x768.jpg\" alt=\"\" class=\"wp-image-941\" srcset=\"https:\/\/fabrico.fr\/wp-content\/uploads\/2026\/03\/IMG_20260318_181839-1024x768.jpg 1024w, https:\/\/fabrico.fr\/wp-content\/uploads\/2026\/03\/IMG_20260318_181839-300x225.jpg 300w, https:\/\/fabrico.fr\/wp-content\/uploads\/2026\/03\/IMG_20260318_181839-768x576.jpg 768w, https:\/\/fabrico.fr\/wp-content\/uploads\/2026\/03\/IMG_20260318_181839-1536x1152.jpg 1536w, https:\/\/fabrico.fr\/wp-content\/uploads\/2026\/03\/IMG_20260318_181839-2048x1536.jpg 2048w\" sizes=\"auto, (max-width: 767px) 89vw, (max-width: 1000px) 54vw, (max-width: 1071px) 543px, 580px\" \/><\/figure>\n\n\n\n<figure class=\"wp-block-image size-large\"><img loading=\"lazy\" decoding=\"async\" width=\"1024\" height=\"768\" src=\"https:\/\/fabrico.fr\/wp-content\/uploads\/2026\/03\/IMG_20260318_181637-1024x768.jpg\" alt=\"\" class=\"wp-image-942\" srcset=\"https:\/\/fabrico.fr\/wp-content\/uploads\/2026\/03\/IMG_20260318_181637-1024x768.jpg 1024w, https:\/\/fabrico.fr\/wp-content\/uploads\/2026\/03\/IMG_20260318_181637-300x225.jpg 300w, https:\/\/fabrico.fr\/wp-content\/uploads\/2026\/03\/IMG_20260318_181637-768x576.jpg 768w, https:\/\/fabrico.fr\/wp-content\/uploads\/2026\/03\/IMG_20260318_181637-1536x1152.jpg 1536w, https:\/\/fabrico.fr\/wp-content\/uploads\/2026\/03\/IMG_20260318_181637-2048x1536.jpg 2048w\" sizes=\"auto, (max-width: 767px) 89vw, (max-width: 1000px) 54vw, (max-width: 1071px) 543px, 580px\" \/><\/figure>\n\n<\/div><\/details><\/div>\n\n<div class=\"lightweight-accordion\"><details name=\"accordion-group-cbcqrt6ln\"><summary class=\"lightweight-accordion-title\"><span>Machines<\/span><\/summary><div class=\"lightweight-accordion-body\">\n\n<figure class=\"wp-block-image size-full\"><img loading=\"lazy\" decoding=\"async\" width=\"1920\" height=\"2560\" src=\"https:\/\/fabrico.fr\/wp-content\/uploads\/2026\/03\/IMG_20260318_181223-scaled.jpg\" alt=\"\" class=\"wp-image-945\" srcset=\"https:\/\/fabrico.fr\/wp-content\/uploads\/2026\/03\/IMG_20260318_181223-scaled.jpg 1920w, https:\/\/fabrico.fr\/wp-content\/uploads\/2026\/03\/IMG_20260318_181223-225x300.jpg 225w, https:\/\/fabrico.fr\/wp-content\/uploads\/2026\/03\/IMG_20260318_181223-768x1024.jpg 768w, https:\/\/fabrico.fr\/wp-content\/uploads\/2026\/03\/IMG_20260318_181223-1152x1536.jpg 1152w, https:\/\/fabrico.fr\/wp-content\/uploads\/2026\/03\/IMG_20260318_181223-1536x2048.jpg 1536w\" sizes=\"auto, (max-width: 767px) 89vw, (max-width: 1000px) 54vw, (max-width: 1071px) 543px, 580px\" \/><\/figure>\n\n\n\n<p>Deux imprimantes 3D<\/p>\n\n\n\n<figure class=\"wp-block-image size-large\"><img loading=\"lazy\" decoding=\"async\" width=\"1024\" height=\"768\" src=\"https:\/\/fabrico.fr\/wp-content\/uploads\/2026\/03\/IMG_20260318_192942-1024x768.jpg\" alt=\"\" class=\"wp-image-946\" srcset=\"https:\/\/fabrico.fr\/wp-content\/uploads\/2026\/03\/IMG_20260318_192942-1024x768.jpg 1024w, https:\/\/fabrico.fr\/wp-content\/uploads\/2026\/03\/IMG_20260318_192942-300x225.jpg 300w, https:\/\/fabrico.fr\/wp-content\/uploads\/2026\/03\/IMG_20260318_192942-768x576.jpg 768w, https:\/\/fabrico.fr\/wp-content\/uploads\/2026\/03\/IMG_20260318_192942-1536x1152.jpg 1536w, https:\/\/fabrico.fr\/wp-content\/uploads\/2026\/03\/IMG_20260318_192942-2048x1536.jpg 2048w\" sizes=\"auto, (max-width: 767px) 89vw, (max-width: 1000px) 54vw, (max-width: 1071px) 543px, 580px\" \/><\/figure>\n\n\n\n<p>D\u00e9coupe laser<\/p>\n\n\n\n<figure class=\"wp-block-image size-full\"><img loading=\"lazy\" decoding=\"async\" width=\"768\" height=\"1024\" src=\"https:\/\/fabrico.fr\/wp-content\/uploads\/2026\/03\/preview2-1.jpg\" alt=\"\" class=\"wp-image-947\" srcset=\"https:\/\/fabrico.fr\/wp-content\/uploads\/2026\/03\/preview2-1.jpg 768w, https:\/\/fabrico.fr\/wp-content\/uploads\/2026\/03\/preview2-1-225x300.jpg 225w\" sizes=\"auto, (max-width: 767px) 89vw, (max-width: 1000px) 54vw, (max-width: 1071px) 543px, 580px\" \/><\/figure>\n\n\n\n<p>D\u00e9coupeuse vinyle (Plotter)<\/p>\n\n\n\n<figure class=\"wp-block-image size-large\"><img loading=\"lazy\" decoding=\"async\" width=\"1024\" height=\"768\" src=\"https:\/\/fabrico.fr\/wp-content\/uploads\/2026\/03\/IMG_20260318_193046-1024x768.jpg\" alt=\"\" class=\"wp-image-948\" srcset=\"https:\/\/fabrico.fr\/wp-content\/uploads\/2026\/03\/IMG_20260318_193046-1024x768.jpg 1024w, https:\/\/fabrico.fr\/wp-content\/uploads\/2026\/03\/IMG_20260318_193046-300x225.jpg 300w, https:\/\/fabrico.fr\/wp-content\/uploads\/2026\/03\/IMG_20260318_193046-768x576.jpg 768w, https:\/\/fabrico.fr\/wp-content\/uploads\/2026\/03\/IMG_20260318_193046-1536x1152.jpg 1536w, https:\/\/fabrico.fr\/wp-content\/uploads\/2026\/03\/IMG_20260318_193046-2048x1536.jpg 2048w\" sizes=\"auto, (max-width: 767px) 89vw, (max-width: 1000px) 54vw, (max-width: 1071px) 543px, 580px\" \/><\/figure>\n\n\n\n<p>Impression r\u00e9sine (en cours d&rsquo;installation)<\/p>\n\n<\/div><\/details><\/div>\n\n\n\n<p><\/p>\n","protected":false},"excerpt":{"rendered":"<p>Le Fablab de Fabrico est un lieu de cr\u00e9ation, de partage, d&rsquo;apprentissage, de d\u00e9couverte avec l&rsquo;impression 3D, la d\u00e9coupe laser, l\u2019\u00e9lectronique, d\u00e9velopper des projets en prototypant&#8230; Des ateliers \u00ab\u00a0R\u00e9pare ton truc !\u00a0\u00bb existent aussi pour r\u00e9parer les objets de la vie courante et lutter contre la surconsommation Les personnes apprendront \u00e0 faire eux-m\u00eame plut\u00f4t que &hellip; <\/p>\n<p class=\"link-more\"><a href=\"https:\/\/fabrico.fr\/index.php\/fablab\/\" class=\"more-link\">Continuer la lecture<span class=\"screen-reader-text\"> de &laquo;&nbsp;Fablab&nbsp;&raquo;<\/span><\/a><\/p>\n","protected":false},"author":3,"featured_media":0,"parent":0,"menu_order":0,"comment_status":"closed","ping_status":"closed","template":"","meta":{"footnotes":""},"class_list":["post-231","page","type-page","status-publish","hentry"],"_links":{"self":[{"href":"https:\/\/fabrico.fr\/index.php\/wp-json\/wp\/v2\/pages\/231","targetHints":{"allow":["GET"]}}],"collection":[{"href":"https:\/\/fabrico.fr\/index.php\/wp-json\/wp\/v2\/pages"}],"about":[{"href":"https:\/\/fabrico.fr\/index.php\/wp-json\/wp\/v2\/types\/page"}],"author":[{"embeddable":true,"href":"https:\/\/fabrico.fr\/index.php\/wp-json\/wp\/v2\/users\/3"}],"replies":[{"embeddable":true,"href":"https:\/\/fabrico.fr\/index.php\/wp-json\/wp\/v2\/comments?post=231"}],"version-history":[{"count":66,"href":"https:\/\/fabrico.fr\/index.php\/wp-json\/wp\/v2\/pages\/231\/revisions"}],"predecessor-version":[{"id":959,"href":"https:\/\/fabrico.fr\/index.php\/wp-json\/wp\/v2\/pages\/231\/revisions\/959"}],"wp:attachment":[{"href":"https:\/\/fabrico.fr\/index.php\/wp-json\/wp\/v2\/media?parent=231"}],"curies":[{"name":"wp","href":"https:\/\/api.w.org\/{rel}","templated":true}]}}